{"id":3,"date":"2019-06-05T11:39:57","date_gmt":"2019-06-05T11:39:57","guid":{"rendered":"http:\/\/www.funshop.fi\/?page_id=3"},"modified":"2019-10-14T06:19:26","modified_gmt":"2019-10-14T06:19:26","slug":"privacy-policy","status":"publish","type":"page","link":"https:\/\/www.funshop.fi\/index.php\/privacy-policy\/","title":{"rendered":"Tietosuoja"},"content":{"rendered":"\n<p>Tilauksen yhteydess\u00e4 kysyttyj\u00e4 yhteystietoja ei k\u00e4ytet\u00e4 muuhun kuin tilauksen toimitukseen tai siin\u00e4 ilmenevien ep\u00e4selvyyksien selvitt\u00e4miseen. Yhteystietoja ei luovuteta eteenp\u00e4in eik\u00e4 niit\u00e4 k\u00e4ytet\u00e4 suoramarkkinointiin tai mihink\u00e4\u00e4n muuhunkaan tilauksen toimitusta koskemattomaan asiaan.<\/p>\n\n\n\n<p>Asiakasrekisteriimme emme tilaustietoja ilman eri sopimusta sy\u00f6t\u00e4, mutta tilauksen tulosteen arkistoimme niin elektronisesti kuin paperillakin silt\u00e4 varalta, ett\u00e4 tilauksen suhteen ilmenee my\u00f6hemmin ep\u00e4selvyyksi\u00e4.<\/p>\n\n\n\n<p>Manuaalinen aineisto s\u00e4ilytet\u00e4\u00e4n niin, etteiv\u00e4t ulkopuoliset tai muut kolmannet osapuolet p\u00e4\u00e4se rekisterin tietoihin k\u00e4siksi. Kaikki vanhentunut tai virheellinen tieto h\u00e4vitet\u00e4\u00e4n.<\/p>\n\n\n\n<p>Elektronisesti talletetut tiedot s\u00e4ilytet\u00e4\u00e4n niin, etteiv\u00e4t ulkopuoliset tai muut kolmannet osapuolet p\u00e4\u00e4se rekisterin tietoihin k\u00e4siksi. Kaikki vanhentunut tai virheellinen tieto h\u00e4vitet\u00e4\u00e4n.<\/p>\n\n\n\n<p><\/p>\n\n\n\n<p><\/p>\n\n\n\n<h3 class=\"wp-block-heading\"><\/h3>\n","protected":false},"excerpt":{"rendered":"<p>Tilauksen yhteydess\u00e4 kysyttyj\u00e4 yhteystietoja ei k\u00e4ytet\u00e4 muuhun kuin tilauksen toimitukseen tai siin\u00e4 ilmenevien ep\u00e4selvyyksien selvitt\u00e4miseen. Yhteystietoja ei luovuteta eteenp\u00e4in eik\u00e4 niit\u00e4 k\u00e4ytet\u00e4 suoramarkkinointiin tai mihink\u00e4\u00e4n muuhunkaan tilauksen toimitusta koskemattomaan asiaan. Asiakasrekisteriimme emme tilaustietoja ilman eri sopimusta sy\u00f6t\u00e4, mutta tilauksen tulosteen arkistoimme niin elektronisesti kuin paperillakin silt\u00e4 varalta, ett\u00e4 tilauksen suhteen ilmenee my\u00f6hemmin ep\u00e4selvyyksi\u00e4. Manuaalinen aineisto [&hellip;]<\/p>\n","protected":false},"author":1,"featured_media":0,"parent":0,"menu_order":0,"comment_status":"closed","ping_status":"open","template":"","meta":{"om_disable_all_campaigns":false,"_exactmetrics_skip_tracking":false,"_exactmetrics_sitenote_active":false,"_exactmetrics_sitenote_note":"","_exactmetrics_sitenote_category":0,"footnotes":""},"class_list":["post-3","page","type-page","status-publish","hentry"],"aioseo_notices":[],"yoast_head":"<!-- This site is optimized with the Yoast SEO plugin v27.6 - https:\/\/yoast.com\/product\/yoast-seo-wordpress\/ -->\n<title>Tietosuoja - FUNSHOP.FI<\/title>\n<meta name=\"robots\" content=\"index, follow, max-snippet:-1, max-image-preview:large, max-video-preview:-1\" \/>\n<link rel=\"canonical\" href=\"https:\/\/www.funshop.fi\/index.php\/privacy-policy\/\" \/>\n<meta property=\"og:locale\" content=\"fi_FI\" \/>\n<meta property=\"og:type\" content=\"article\" \/>\n<meta property=\"og:title\" content=\"Tietosuoja - FUNSHOP.FI\" \/>\n<meta property=\"og:description\" content=\"Tilauksen yhteydess\u00e4 kysyttyj\u00e4 yhteystietoja ei k\u00e4ytet\u00e4 muuhun kuin tilauksen toimitukseen tai siin\u00e4 ilmenevien ep\u00e4selvyyksien selvitt\u00e4miseen. Yhteystietoja ei luovuteta eteenp\u00e4in eik\u00e4 niit\u00e4 k\u00e4ytet\u00e4 suoramarkkinointiin tai mihink\u00e4\u00e4n muuhunkaan tilauksen toimitusta koskemattomaan asiaan. Asiakasrekisteriimme emme tilaustietoja ilman eri sopimusta sy\u00f6t\u00e4, mutta tilauksen tulosteen arkistoimme niin elektronisesti kuin paperillakin silt\u00e4 varalta, ett\u00e4 tilauksen suhteen ilmenee my\u00f6hemmin ep\u00e4selvyyksi\u00e4. Manuaalinen aineisto [&hellip;]\" \/>\n<meta property=\"og:url\" content=\"https:\/\/www.funshop.fi\/index.php\/privacy-policy\/\" \/>\n<meta property=\"og:site_name\" content=\"FUNSHOP.FI\" \/>\n<meta property=\"article:modified_time\" content=\"2019-10-14T06:19:26+00:00\" \/>\n<meta name=\"twitter:card\" content=\"summary_large_image\" \/>\n<meta name=\"twitter:label1\" content=\"Arvioitu lukuaika\" \/>\n\t<meta name=\"twitter:data1\" content=\"1 minuutti\" \/>\n<script type=\"application\/ld+json\" class=\"yoast-schema-graph\">{\"@context\":\"https:\\\/\\\/schema.org\",\"@graph\":[{\"@type\":\"WebPage\",\"@id\":\"https:\\\/\\\/www.funshop.fi\\\/index.php\\\/privacy-policy\\\/\",\"url\":\"https:\\\/\\\/www.funshop.fi\\\/index.php\\\/privacy-policy\\\/\",\"name\":\"Tietosuoja - FUNSHOP.FI\",\"isPartOf\":{\"@id\":\"https:\\\/\\\/www.funshop.fi\\\/#website\"},\"datePublished\":\"2019-06-05T11:39:57+00:00\",\"dateModified\":\"2019-10-14T06:19:26+00:00\",\"breadcrumb\":{\"@id\":\"https:\\\/\\\/www.funshop.fi\\\/index.php\\\/privacy-policy\\\/#breadcrumb\"},\"inLanguage\":\"fi\",\"potentialAction\":[{\"@type\":\"ReadAction\",\"target\":[\"https:\\\/\\\/www.funshop.fi\\\/index.php\\\/privacy-policy\\\/\"]}]},{\"@type\":\"BreadcrumbList\",\"@id\":\"https:\\\/\\\/www.funshop.fi\\\/index.php\\\/privacy-policy\\\/#breadcrumb\",\"itemListElement\":[{\"@type\":\"ListItem\",\"position\":1,\"name\":\"Etusivu\",\"item\":\"https:\\\/\\\/www.funshop.fi\\\/\"},{\"@type\":\"ListItem\",\"position\":2,\"name\":\"Tietosuoja\"}]},{\"@type\":\"WebSite\",\"@id\":\"https:\\\/\\\/www.funshop.fi\\\/#website\",\"url\":\"https:\\\/\\\/www.funshop.fi\\\/\",\"name\":\"FUNSHOP.FI\",\"description\":\"Huvittavia tuotteita\",\"potentialAction\":[{\"@type\":\"SearchAction\",\"target\":{\"@type\":\"EntryPoint\",\"urlTemplate\":\"https:\\\/\\\/www.funshop.fi\\\/?s={search_term_string}\"},\"query-input\":{\"@type\":\"PropertyValueSpecification\",\"valueRequired\":true,\"valueName\":\"search_term_string\"}}],\"inLanguage\":\"fi\"}]}<\/script>\n<!-- \/ Yoast SEO plugin. -->","yoast_head_json":{"title":"Tietosuoja - FUNSHOP.FI","robots":{"index":"index","follow":"follow","max-snippet":"max-snippet:-1","max-image-preview":"max-image-preview:large","max-video-preview":"max-video-preview:-1"},"canonical":"https:\/\/www.funshop.fi\/index.php\/privacy-policy\/","og_locale":"fi_FI","og_type":"article","og_title":"Tietosuoja - FUNSHOP.FI","og_description":"Tilauksen yhteydess\u00e4 kysyttyj\u00e4 yhteystietoja ei k\u00e4ytet\u00e4 muuhun kuin tilauksen toimitukseen tai siin\u00e4 ilmenevien ep\u00e4selvyyksien selvitt\u00e4miseen. Yhteystietoja ei luovuteta eteenp\u00e4in eik\u00e4 niit\u00e4 k\u00e4ytet\u00e4 suoramarkkinointiin tai mihink\u00e4\u00e4n muuhunkaan tilauksen toimitusta koskemattomaan asiaan. Asiakasrekisteriimme emme tilaustietoja ilman eri sopimusta sy\u00f6t\u00e4, mutta tilauksen tulosteen arkistoimme niin elektronisesti kuin paperillakin silt\u00e4 varalta, ett\u00e4 tilauksen suhteen ilmenee my\u00f6hemmin ep\u00e4selvyyksi\u00e4. Manuaalinen aineisto [&hellip;]","og_url":"https:\/\/www.funshop.fi\/index.php\/privacy-policy\/","og_site_name":"FUNSHOP.FI","article_modified_time":"2019-10-14T06:19:26+00:00","twitter_card":"summary_large_image","twitter_misc":{"Arvioitu lukuaika":"1 minuutti"},"schema":{"@context":"https:\/\/schema.org","@graph":[{"@type":"WebPage","@id":"https:\/\/www.funshop.fi\/index.php\/privacy-policy\/","url":"https:\/\/www.funshop.fi\/index.php\/privacy-policy\/","name":"Tietosuoja - FUNSHOP.FI","isPartOf":{"@id":"https:\/\/www.funshop.fi\/#website"},"datePublished":"2019-06-05T11:39:57+00:00","dateModified":"2019-10-14T06:19:26+00:00","breadcrumb":{"@id":"https:\/\/www.funshop.fi\/index.php\/privacy-policy\/#breadcrumb"},"inLanguage":"fi","potentialAction":[{"@type":"ReadAction","target":["https:\/\/www.funshop.fi\/index.php\/privacy-policy\/"]}]},{"@type":"BreadcrumbList","@id":"https:\/\/www.funshop.fi\/index.php\/privacy-policy\/#breadcrumb","itemListElement":[{"@type":"ListItem","position":1,"name":"Etusivu","item":"https:\/\/www.funshop.fi\/"},{"@type":"ListItem","position":2,"name":"Tietosuoja"}]},{"@type":"WebSite","@id":"https:\/\/www.funshop.fi\/#website","url":"https:\/\/www.funshop.fi\/","name":"FUNSHOP.FI","description":"Huvittavia tuotteita","potentialAction":[{"@type":"SearchAction","target":{"@type":"EntryPoint","urlTemplate":"https:\/\/www.funshop.fi\/?s={search_term_string}"},"query-input":{"@type":"PropertyValueSpecification","valueRequired":true,"valueName":"search_term_string"}}],"inLanguage":"fi"}]}},"_links":{"self":[{"href":"https:\/\/www.funshop.fi\/index.php\/wp-json\/wp\/v2\/pages\/3","targetHints":{"allow":["GET"]}}],"collection":[{"href":"https:\/\/www.funshop.fi\/index.php\/wp-json\/wp\/v2\/pages"}],"about":[{"href":"https:\/\/www.funshop.fi\/index.php\/wp-json\/wp\/v2\/types\/page"}],"author":[{"embeddable":true,"href":"https:\/\/www.funshop.fi\/index.php\/wp-json\/wp\/v2\/users\/1"}],"replies":[{"embeddable":true,"href":"https:\/\/www.funshop.fi\/index.php\/wp-json\/wp\/v2\/comments?post=3"}],"version-history":[{"count":1,"href":"https:\/\/www.funshop.fi\/index.php\/wp-json\/wp\/v2\/pages\/3\/revisions"}],"predecessor-version":[{"id":1104,"href":"https:\/\/www.funshop.fi\/index.php\/wp-json\/wp\/v2\/pages\/3\/revisions\/1104"}],"wp:attachment":[{"href":"https:\/\/www.funshop.fi\/index.php\/wp-json\/wp\/v2\/media?parent=3"}],"curies":[{"name":"wp","href":"https:\/\/api.w.org\/{rel}","templated":true}]}}